t is the tens digit of l(-7)?
4
Let n(m) = 6*m**3 - 7*m**2 - m - 7. Let h(t) = t**3 + t**2 + t - 1. Let q(u) = 5*h(u) - n(u). What is the units digit of q(12)?
4
Let z(k) be the first derivative of 27*k**2/2 - 6*k + 20. What is the units digit of z(2)?
8
Let t = 20 + -40. What is the tens digit of (-598)/(-18) - t/(-90)?
3
Suppose -f = 5*f + 90. Let z = f - -21. What is the units digit of z?
6
Suppose -3*i = -2*i - 5. Suppose 0*s + 4*s - 93 = i*c, -4*c = -3*s + 69. What is the units digit of s?
7
Suppose 11*c - 378 = 9*c. What is the units digit of c?
9
Suppose -90 = 11*f - 6*f. Let q = -16 - f. Let o(u) = -u**3 + 3*u**2 - 2*u + 2. What is the units digit of o(q)?
2
Suppose 0 = -3*i + 14 - 2. Let s be 9/(1/i*6). What is the units digit of -3 + s/2 + 2?
2
Let q(a) = -a**2 - 8*a - 7. Suppose g - 7 = 2*g. Let p be q(g). Suppose -2*x + 63 - 9 = p. What is the tens digit of x?
2
Let w(l) = l**3 + 14*l**2 + 2*l - 17. Let m be w(-14). Let g = 41 - m. What is the tens digit of g?
8
Let p(g) = 2*g**3 - 13*g**2 + g + 5. Let u(z) = z**3 - 7*z**2 + 3. Let h(y) = -3*p(y) + 5*u(y). Let i be h(2). Suppose -i + 26 = l. What is the tens digit of l?
2
Suppose -8*q = -3*q + t - 1157, -466 = -2*q - 2*t. What is the hundreds digit of q?
2
Let r(c) = -209*c + 50. What is the hundreds digit of r(-5)?
0
Let f(s) = 2*s + 0*s - 3 + s**2 + 0*s. Let l be f(2). Suppose -2*m + u + 62 = -u, -5*u = -l. What is the units digit of m?
2
Suppose -2*f + 4858 = 2*c, 2*c - 47*f = -42*f + 4872. What is the hundreds digit of c?
4
What is the units digit of 21/3 - 4066/(-4)*2?
0
Let h = 186 + -63. What is the hundreds digit of h?
1
Let g = 67 - 59. What is the units digit of (-1326)/(-8) + g/32?
6
Let m = -11 - 9. Let c = 2 - m. Suppose -18*k + c*k = 184. What is the units digit of k?
6
Let u(l) be the third derivative of -2*l**6/15 - l**5/60 + l**3/6 - 10*l**2. What is the units digit of u(-1)?
6
Suppose -q = 3*f + 17, 0 = -4*f + q - 12 + 1. What is the tens digit of ((-138)/5)/(1/(f + -1))?
3
Let o = 4 - 2. Suppose -5*i + 7 = -2*w, -2*i - 10 = -6*w + 2*w. Suppose 2*y = -4*b + 168, -w*b - 2*y = -o*b - 84. What is the tens digit of b?
4
Let w(a) = -61*a - 131. What is the hundreds digit of w(-12)?
6
Let g = -126 - -109. Let s(n) = -n**2 - 19*n + 23. What is the tens digit of s(g)?
5
Suppose 1459 = n - 1913. Suppose -n = -12*y - 960. What is the tens digit of y?
0
Suppose -y - 3*y + 344 = 0. Let n = 71 + y. What is the hundreds digit of n?
1
What is the tens digit of 4/3*22977/74?
1
What is the units digit of (1646/6)/((-43)/(-129))?
3
Let t(f) = 106*f - 9. What is the hundreds digit of t(4)?
4
Let u(k) = 1150*k**2 - k + 1. What is the hundreds digit of u(1)?
1
Suppose -z = 5*x - 398, 2*x + 4 = 6. What is the tens digit of z?
9
Let f(g) = -5*g**3 + 4*g**2 + 2*g - 8. What is the units digit of f(-4)?
8
Let s be 10/(-4)*32/(-20). Let x(u) = -u**3 + 4*u**2 - u + 5. Let y be x(s). What is the tens digit of (-132)/(-4) + 1/y?
3
Let a = 27 + -27. Suppose a*y + 186 = 5*y + 4*w, 3*y = 5*w + 119. What is the units digit of y?
8
Let o be 2/5*10 - 4. Suppose -5*x + 180 + 100 = o. What is the tens digit of x?
5
Let w(k) = -k**2 + 3*k + 3. Let n be w(6). Let b = -12 - n. Suppose 0 = p - b*p + 2, c = -p + 39. What is the tens digit of c?
3
Suppose 4*b - 4*z + 60 = 0, -b = 2*z - 7*z + 23. What is the hundreds digit of 14 + b + 190 + 1?
1
Let u = 148 + 423. What is the tens digit of u?
7
Let r(w) = -8*w - 9*w + 40 - 24. Let v be r(-6). Suppose 6*g - v - 212 = 0. What is the tens digit of g?
5
Suppose -a = s - 206 - 293, 3*a + s - 1499 = 0. What is the tens digit of a?
0
Let o be 102 + (-1 - -1) + -1. Let g = o + -12. What is the tens digit of g?
8
Suppose -2*q - 13 = -3*q - 2*l, 3*l + 18 = q. Suppose 4*k + q = -t + 50, -3*k = t - 38. Suppose 5*n - 123 = t. What is the units digit of n?
4
Let n(r) = 9*r - 13 - 14*r + r**2 + 13*r. What is the units digit of n(-12)?
5
Suppose 5*g - 18 = -4*g. Suppose 2*s - 188 = 4*z, 114 + 74 = g*s + 4*z. What is the units digit of s?
4
Let o(c) = 44*c - 2. Let x(n) = -89*n + 5. Let b(h) = -5*o(h) - 3*x(h). What is the hundreds digit of b(4)?
1
Suppose 5*r - 9405 = -5*t, -2*t + 1881 = 10*r - 9*r. What is the tens digit of r?
8
Suppose -4*v - 12 = -2*s, 0 = 3*v + 6*s - 2*s - 13. Let a(t) = 4*t + 2. Let c be a(-3). Let m = v - c. What is the units digit of m?
9
Let d = -10 + 79. Let o(h) = -7*h. Let c be o(-7). Let f = d - c. What is the units digit of f?
0
Let q(c) = -12*c**3 - 2*c**2 + 3*c - 2. Let p be q(3). What is the units digit of 8/3*(p/(-20) - 4)?
4
Let i(o) = o**3 - 7*o**2 + 1. Let d = 4 - 4. Suppose d = -w - 0*w + 4*c - 13, -c = -3*w + 16. What is the units digit of i(w)?
1
Suppose a - 17 = q, 10*q = 5*q - 10. Suppose -d + a = -1. What is the units digit of d?
6
Suppose -w + 563 = 2*a, -3*w = 3*a - 6*a + 831. Suppose -5*y + a = 5*k, -197 = -4*k + y + 4*y. What is the tens digit of k?
5
Let t(j) = -j + 6. Let i be t(6). Suppose 2*p - 22 - 114 = i. Suppose 2*u + 2*u + 4*s = p, 4*u + s - 71 = 0. What is the tens digit of u?
1
Let r(l) = -l**3 + 5*l**2 - 2*l - 6. Let j be r(3). Let b be (-2)/j*(14 + -29). Suppose b = 2*n + 5*p - 4, -2*n - 2*p + 18 = 0. What is the tens digit of n?
1
Suppose o - 38 = 68. Let r = -70 + o. What is the units digit of r?
6
Suppose 2*m = -2*n - m + 859, 5*m - 1717 = -4*n. What is the units digit of n?
8
Suppose -3*a + k + 47 = -4*k, 0 = 5*a - 5*k - 65. Let w be (1 + -4)*(-2)/(-2). Let q = w + a. What is the units digit of q?
6
Let g = 50 - -41. Suppose -2*m = -g - 7. What is the units digit of m?
9
Suppose -a = -3*f + 276, 207 = 3*f + 5*a - 87. What is the units digit of f?
3
Let n(f) = f**2 + 7*f - 30. Let q be n(-18). Suppose -4*l + 292 + 362 = -2*g, -l + 5*g = -q. What is the hundreds digit of l?
1
Suppose -7 - 16 = v + 5*f, 12 = -3*f. Let l(n) = n**2 + 3*n - 4. Let k be l(v). What is the units digit of (-2 + (-12)/k)/1?
1
Suppose 2*n = 3*g - 520, 2*g - 4*n - 319 - 25 = 0. What is the hundreds digit of g?
1
Suppose 9*y = 7*y + 8. Suppose 5 = -h, 5*h = y*p + h - 172. What is the units digit of p?
8
What is the tens digit of (-2 + -254)/(-22 + 20)?
2
Let g(j) = j**3 - 15*j**2 + 65*j - 3. What is the units digit of g(5)?
2
Let m(o) = 3*o + 23. Let t be m(-7). Suppose -3*w + 196 = -0*w + 4*p, t*w + 4*p = 124. What is the units digit of w?
2
Let t = 1840 + -84. What is the units digit of t?
6
What is the tens digit of (-2 + -5)*361/((-3)/3)?
2
Let r(k) = -k**2 + 6*k + 6. Let t(z) = z**2 - 3*z + 3. Let c be t(3). Let h be 8/2*c/2. What is the units digit of r(h)?
6
Let h = -14 + 33. Suppose -h*u + 16*u = -102. What is the units digit of u?
4
Let l(s) = -2*s - 7. Let x be l(-5). Suppose -4*k + 2 = -2*o, -x*k - 21 = -2*o - 2*o. What is the tens digit of 1 - 3*(-138)/o?
4
Let a = 14 - 9. Suppose 0 = -2*u - a*i + 9 + 7, -5*i = -2*u - 4. Suppose -38 = -u*d + 1. What is the tens digit of d?
1
Let a be (0 - -13) + -2 + -4 + 3. Suppose 1248 = -a*f + 16*f. What is the hundreds digit of f?
2
Let d be -90*(12/90)/((-1)/5). What is the units digit of (372/10)/((-3)/(d/(-8)))?
3
What is the tens digit of -14*87*35/(-10)?
6
Suppose 17 = -5*s + 7. What is the units digit of s/4*1044/(-3)?
4
Suppose -4*w - 140 = -0*w. Suppose 4*m + 16 = 4. What is the tens digit of m/(-6) + w/(-2)?
1
Suppose -5*l - x + 194 + 490 = 0, -2*l - 3*x + 271 = 0. Suppose -l = -2*b + 27. What is the tens digit of b?
8
What is the units digit of (9 + -6)/12*1108?
7
Suppose 7*c - 4*c = 9. Suppose 5*g - 49 + 19 = -5*w, c*w = -g + 14. Suppose -g*p - 108 = -6*p. What is the units digit of p?
7
Suppose 4*j + 21 = -39. What is the tens digit of (-181)/(-4) + j/(-20)?
4
Let k be (-3 - -2)*(-11)/((-33)/(-174)). Let d = 114 - k. What is the tens digit of d?
5
Let p = 29 - 26. What is the units digit of ((-4)/p)/((-1)/219)?
2
Let z(t) = -19*t - 5. Let u(l) = -1. Let r(n) = 4*u(n) + z(n). What is the tens digit of r(-4)?
6
Let t(h) = h**3 + 20*h**2 + 20*h + 26. What is the units digit of t(-19)?
7
Suppose 10*d - 7*d - 12 = 0. Suppose d*g + 38 = -2*h, 5*g - 2*h + 18 = g. What is the units digit of g/(84/(-20) + 4)?
5
Let h be 154/182 + ((-4)/(-26) - 0). What is the tens digit of (h + 137)*(-38)/(-57)?
9
Let z(b) = 2*b**2 + 2*b + 1. Let f be z(4). Suppose -51 + f = 5*l. What is the units dig